+ 26. What are the prime factors of p?
3, 5
Let w(a) = 2*a + 1. Let t be w(1). Suppose -4 = -r - 4*u, -r = -t*u + 1 + 2. Let s = r - -4. List the prime factors of s.
2
Let y = 28 + 53. List the prime factors of y.
3
Let y be ((-25)/5)/(-1*1). Let c = y + -1. Suppose c*h - 21 = 11. List the prime factors of h.
2
Suppose -3*x + 2*x = 20. Let o = 7 - x. List the prime factors of o.
3
Let r = 1 - 2. Let f(x) = 12*x - 1. Let m(i) = 36*i - 3. Let h(c) = 11*f(c) - 4*m(c). What are the prime factors of h(r)?
13
Suppose -239 = 8*m - 703. What are the prime factors of m?
2, 29
Let q(n) = -n**2 - 5*n + 3. Let m be q(-5). Let i be (6/(-5))/(18/(-120)). Let p = i - m. List the prime factors of p.
5
List the prime factors of 90/25 + (-2)/(-5).
2
Let x be (-3)/(-2)*100/6. Let t = 40 - x. List the prime factors of t.
3, 5
Let m(b) = -27*b - 15. List the prime factors of m(-2).
3, 13
Let p(a) = -4*a - 3*a + 5 + 2*a + 4*a. What are the prime factors of p(-8)?
13
Let b be (0 - 2)*(-55)/10. Let t be (-2 - -15) + (-8)/(-4). Let i = t - b. What are the prime factors of i?
2
Let t = 42 + -28. List the prime factors of t.
2, 7
Suppose -5*c = 3*d - 186, 0 = -2*c - 6*d + 2*d + 66. List the prime factors of c.
3, 13
Let a(t) = -16*t - 1. Let o be a(-2). Let h = o + -22. What are the prime factors of h?
3
Suppose -w - 4*g + 396 = 3*w, 0 = -w - 4*g + 99. Suppose 4*f + 7 = w. What are the prime factors of f?
23
Let c(b) = -2*b - 10. Let s be c(-7). Suppose 7*y - 4*y - 2*x = 68, -5*y = -s*x - 110. What are the prime factors of y?
2, 13
Suppose 0 = -d - 4*d. Suppose -4*u + q = -14, 3*q + d = 3*u - 15. Suppose u*z = -2*z + 35. What are the prime factors of z?
7
Let h = 1 + 2. Suppose -d + 4*d + h = 0. Let u = 5 + d. What are the prime factors of u?
2
Let j be 0 + (5/1 - 3). Suppose 0*b - j*b = -40. What are the prime factors of b?
2, 5
Let j be 24/14 - (-2)/7. Let w = 0 - 0. Suppose -j*i - 31 = -3*b, w = 4*b - i - 3*i - 48. List the prime factors of b.
7
Suppose -13 = -2*o - 4*l + 43, 3*l = 15. Let h be -3*(-1 - 6/(-2)). Let m = h + o. List the prime factors of m.
2, 3
Let x = 46 - -23. Suppose -f - 2*f = -x. What are the prime factors of f?
23
Suppose -2*l - 11 = -4*z - 43, 0 = -l + 3*z + 21. Let a = 10 - l. Suppose -a*r = -20 - 32. List the prime factors of r.
13
Suppose -w - 2*z + 0*z = -102, w - 101 = -z. What are the prime factors of w?
2, 5
Suppose 2*m - 3*m = d, 0 = m + 5. Suppose -r + 6*r = -3*h + 20, -29 = -d*h - 4*r. List the prime factors of h.
5
Suppose 6*n - 3*n = -18. List the prime factors of ((-2)/2)/(n/150).
5
Suppose -4*g = 4, 0 = -3*d - g - 0*g - 55. Suppose 0*h = 4*h - 100. Let m = d + h. What are the prime factors of m?
7
Let w(z) be the first derivative of 3*z - 3 + 2*z + 0*z + 1 - 2*z**2. List the prime factors of w(-4).
3, 7
Suppose -4*m = 3*i - 56, 4*m = i - 2 + 74. Suppose w - 2*j - 15 = 0, 3 = -w - 5*j - m. Suppose 3*t = -5*z - 5 + 26, -15 = w*z. List the prime factors of t.
2, 3
Let z(f) = f**2 - f - f + 0*f - 9. Let n be z(-6). What are the prime factors of (n/6)/((-2)/(-4))?
13
Let m be (4 - 6)/(2/(-3)). Suppose -l - 3 = m*o - 4*o, 3*o - 4*l = 7. List the prime factors of o.
5
Let r(x) = -x**2 - 15*x - 13. What are the prime factors of r(-13)?
13
Suppose 3*c + 2*c = -2*l + 260, 3*c = 5*l - 619. What are the prime factors of l?
5
Suppose 2*i = i + 4. Suppose -3*y + i*y = -5*d + 17, 0 = -2*y - 2*d + 26. List the prime factors of y.
2, 3
Suppose -8 = -0*f + 2*f. Suppose -14 = -4*d + 2*a + 56, 2*a = -3*d + 42. List the prime factors of d/4*(-11)/f.
11
Let b(y) = y**2 + y. Let g(f) = -3*f**2 - 13*f + 5. Let m(x) = 4*b(x) + g(x). List the prime factors of m(9).
5
Let l(x) = x**3 - 5*x**2 + 6*x - 5. Let s(p) = -p**3 + 4*p**2 - 5*p + 4. Let r(i) = -3*l(i) - 2*s(i). Let d = 11 - 6. What are the prime factors of r(d)?
17
Let c(i) = -71*i**3 + i**2 - 2*i - 2. What are the prime factors of c(-1)?
2, 3
Suppose -54 = -0*z - 3*z. Suppose -5*x - z + 58 = 0. List the prime factors of x.
2
Let m(i) = i**2 - 5*i**3 - 2*i**3 + 5*i**3 - 2*i**2. List the prime factors of m(-2).
2, 3
Let r(y) = -72*y**2. Let u be r(1). What are the prime factors of 0 + (-1)/(4/u)?
2, 3
List the prime factors of (44/(-24))/((-4)/(-6))*-4.
11
Suppose 4*w - 3*g - g = 36, 4 = -2*g. What are the prime factors of 5*w*(2 - 1)?
5, 7
Suppose 3*b - 14 = 7. Let y(u) = u - 5. What are the prime factors of y(b)?
2
Let z = 372 - -51. What are the prime factors of z?
3, 47
Suppose 0 = -3*i + 66 - 0. What are the prime factors of i?
2, 11
Suppose 0*y + 15 = 3*y. Let v be 2/(-3) + 10/6. Suppose -2*u + 0*u = x - v, -4*x - 22 = -y*u. What are the prime factors of u?
2
Let h(r) = 5*r + 43. List the prime factors of h(13).
2, 3
Suppose -143 + 1315 = 4*z. List the prime factors of z.
293
Let o be 3 - 3*3/3. Let q(w) = -w**3 + w - 1. Let x be q(o). Let h(t) = -12*t. What are the prime factors of h(x)?
2, 3
Let f be 52/14 - 6/(-21). Suppose 0*t = 3*y - 2*t - 134, f*y - 217 = -5*t. Suppose 0 = -5*a - 8 + y. What are the prime factors of a?
2
Let v(j) = -2*j - 3. What are the prime factors of v(-5)?
7
Let b be ((-2)/1 - -4)*2. Suppose -50 = -q - b*q. What are the prime factors of q?
2, 5
Let x = -260 - -443. List the prime factors of x.
3, 61
Suppose 11*n + 119 = 12*n. List the prime factors of n.
7, 17
Let f = 46 + -24. Suppose 4*x - 22 = f. What are the prime factors of x?
11
Suppose 0*n + 7 = n. Let f(w) = 2 + 0*w**2 + n*w - 4*w + w**2 - 4*w. What are the prime factors of f(2)?
2
Suppose 0 = -2*c + 112 - 40. What are the prime factors of c?
2, 3
Let a be 0 + 0 - (-8 - -6). Suppose 2*x + 2*p = 8, -a*p = -x + 2*x. List the prime factors of x.
2
Suppose 3*i - 5 = 5*a, -2*i = -a - 0*a - 8. Suppose -2*z + i*v = -10, -v - 4 = -z + 2*v. List the prime factors of z.
2, 5
Suppose 3*q - 2*f + 69 = 0, q - f = 3*f - 23. Let a = 6 - q. What are the prime factors of a?
29
Let d be ((-6)/(-5))/(3/(-10)). What are the prime factors of (-18)/(-4)*d/(-3)?
2, 3
Suppose -4*p - 111 = -7*p. What are the prime factors of p?
37
Suppose -2*o - 2*o + 496 = 0. Suppose r - o = -3*r. What are the prime factors of r?
31
Let t = 9 + 76. List the prime factors of t.
5, 17
Let d = 0 + 0. Let w(l) = 4 + 3 + 2 - l. What are the prime factors of w(d)?
3
Suppose -2*h + 106 = -0*h. Suppose 0 = -z + 4*a + 18, 5*z - a - h = -20. What are the prime factors of z?
2, 3
Let p = 269 - 171. List the prime factors of p.
2, 7
Let s(p) = -p**3 + 10*p**2 - 8*p + 13. List the prime factors of s(9).
2, 11
Suppose -y - 4*y - f - 58 = 0, 0 = -f - 3. Let s = y + 7. List the prime factors of s/(-10) + (-18)/(-5).
2
Let w = 93 - -1. What are the prime factors of w?
2, 47
Let w(y) = -y + 6. Let m(i) = i**2 - 4*i + 3. Let u be m(4). What are the prime factors of w(u)?
3
Let t(p) = 4*p**2 + p - 20. What are the prime factors of t(-5)?
3, 5
Suppose 0 = -5*n - y, -n + 0*n + y - 6 = 0. Let p = n - -6. Suppose 0*t - p*t = -50. List the prime factors of t.
2, 5
Let n be (-9)/12 + 35/(-28). List the prime factors of (-1)/(2*n/124).
31
Suppose 4*r + 3 = -5. Let a = 3 + r. List the prime factors of (a - -2)*4 + 0.
2, 3
Let x(s) = -s**3 + 6*s**2 + 3*s + 10. What are the prime factors of x(-5)?
2, 3, 5
Suppose y - 1 = 2. Let z(i) = -i**2 + 15*i - 11. Let b be z(12). What are the prime factors of (-1)/3 + b/y?
2
Let c be ((-2)/6)/(5/(-30)). Suppose -c*o = o. Suppose -36 = -3*k + 3*a, -5*k + o*a + 62 = -4*a. List the prime factors of k.
2, 7
Let r be (-2)/(-2 - -4)*5. What are the prime factors of 30/(-8)*(1 + r)?
3, 5
Let a(t) = 55*t**2 - 10*t + 1. List the prime factors of a(2).
3, 67
Suppose -a - a = 0. Let y(f) = f**2 + 3. Let w be y(a). What are the prime factors of 8 + (w - 1) + 0?
2, 5
Let c be 0 + 17 + (-9)/3. Suppose 8 = l - c. List the prime factors of l.
2, 11
Suppose 2*x - 2*v = 8, -1 = x + 3*v + 3. Let g(m) = -4*m - 2*m**x + 0*m + 3*m**2 + m. List the prime factors of g(4).
2
Let i(j) = -j**3 - 2*j**2 + j - 1. Let d be i(-4). Suppose 6 = 4*q - 2. Suppose 0 = -q*n - 3 + d. What are the prime factors of n?
2, 3
Let d = 39 + -14. List the prime factors of d.
5
Let u(t) = t**2 + 5*t + 1. Let n be u(-6). Let z(v) = 5*v - 4*v - 2 + 7. What are the prime factors of z(n)?
2, 3
Let t = -6 + 13. Let u = 10 + t. What are the prime factors of u?
17
Let b(i) be the second d